) + 22). Calculate the highest common factor of o and t.
26
Suppose 52*u - 6*u = -27*u + 1022. Let r be 2/2 + -1 + 4. Suppose -2*c + 0*c = -r*b + 38, -4*c = 4*b - 8. Calculate the highest common factor of b and u.
7
Let f be 1 + -2 - 3440/(-20). Suppose -3*s + 0*z + z = -125, 0 = -4*s - 3*z + f. What is the greatest common factor of s and 903?
21
Suppose -g + 7*t = 2*t - 30, 2*g = -t + 16. Let v be g + 0 + -6 + 6. Calculate the highest common factor of v and 400.
10
Suppose -791 - 265 = -66*i. What is the highest common factor of i and 5544?
8
Let z = 1766 - 1736. Suppose 5*g = 42 - 2. Let t = z + g. What is the highest common divisor of 57 and t?
19
Let f(v) = -20*v - 74. Let z be f(-4). Let d(u) = 11*u**2 - u. Let m be d(1). Calculate the greatest common divisor of z and m.
2
Let q = 62 + -52. Let p(t) be the third derivative of t**6/120 - t**4/24 + 35*t**3/3 - 13*t**2. Let j be p(0). Calculate the highest common divisor of q and j.
10
Let q(c) = 246*c - 9. Let o be q(1). Let r = o - -86. Calculate the greatest common factor of 38 and r.
19
Let i(o) = 5*o**2 + 27*o + 25. Let b be i(-1). Suppose -b*u - u + z + 417 = 0, 5*u - 3*z = 523. What is the greatest common divisor of 8 and u?
8
Suppose -69 - 71 = -7*k. Let v = -15 + k. Suppose 0 = v*x + 3*b - 54 - 54, -5*x - 5*b + 110 = 0. What is the highest common divisor of 28 and x?
7
Suppose 7*n = 2*n - c + 12, -3 = c. Suppose -4*g = -3*o + 86, 0*g + 94 = n*o + 4*g. Calculate the highest common factor of 66 and o.
6
Let i be (-25)/(-75) - ((-21405)/(-9))/(-5). What is the greatest common divisor of 420 and i?
28
Suppose -6*a + i + 799 = -336, -3*a + 2*i = -560. Calculate the greatest common factor of 50 and a.
10
Let c = 643 - 976. Let i = c + 388. Suppose -o - w = -2*w - 27, 3*w = -15. Calculate the greatest common divisor of i and o.
11
Let s be (-12)/8 - (-4)/(16/1934). Let c = -454 + s. Calculate the highest common divisor of 147 and c.
7
Suppose 820*w + 9601 = 807*w + 23615. Calculate the highest common divisor of w and 682.
22
Let g(h) = -16*h - 1081. Let z be g(-70). Suppose 0 = -2*q + 6*q. Let u be (-3 - q) + (-16)/(-1). What is the greatest common factor of z and u?
13
Suppose 23*s - 13260 = -79*s. What is the greatest common factor of 2574 and s?
26
Suppose 2*o - 7*o = -25. Suppose o*c - 15*c = 150. Let q = 35 + c. Calculate the highest common factor of 180 and q.
20
Let k be 9 + 18 + 2 + -5. Suppose -5*x = 3*c - 157, -2*c + 83 = -2*x + x. Suppose -c = 2*z - 116. What is the highest common divisor of k and z?
12
Let m be ((-504)/(-3))/(243/8667). Calculate the greatest common factor of m and 112.
56
Let p = 1049 - 893. Calculate the greatest common factor of 96 and p.
12
Let k(s) = -10*s**3 + 39*s**2 + 30*s + 9. Let h be k(3). Let q be (21/2)/(-7)*-84. What is the greatest common divisor of q and h?
18
Suppose 3*l = -2*o + 38, 3*l + 76 = 5*o + 2. Suppose 4*c - 24 = o. Calculate the greatest common divisor of 190 and c.
10
Let j = -29 + 21. Let y(s) = -5*s + 5. Let c be y(j). Suppose -5*n = m - c, -3*n = -3*m - 7*n + 179. What is the greatest common divisor of 26 and m?
13
Let u = 177 - 37. Let t be 8/(-12)*(-1 - -7). Let g be (-142)/t + (-4)/8. What is the highest common factor of g and u?
35
Suppose -13*p - 558 = -7*p. Let q = -87 - p. Let x(u) = 18*u. Let y be x(2). What is the greatest common divisor of q and y?
6
Let v = -16406 - -16477. What is the greatest common factor of 7313 and v?
71
Let x(k) = 2*k**2 - 12*k + 12. Let m be x(8). Suppose -792 = -7*b + 4*b. Suppose -6*w - 2*w = -b. What is the greatest common factor of m and w?
11
Let j(o) = -o**3 + 19*o**2 + 48*o - 2. Let u be j(20). Calculate the highest common divisor of u and 31.
31
Let r = 73258 - 45874. What is the greatest common divisor of r and 84?
84
Suppose -41*a + 21 = -40*a. What is the highest common divisor of a and 203?
7
Let z(j) = -3*j**2 + 74*j - 303. Let w be z(18). Calculate the highest common divisor of 6232 and w.
19
Suppose 0 = 13*x + 6*x - 76. Suppose -x*k - i = 3*i, -5*i = -2*k + 21. What is the greatest common divisor of k and 24?
3
Let p = -66 - -111. Let z = p - 21. Let k(t) = -t**2 + t + 60. Let q be k(0). Calculate the highest common divisor of z and q.
12
Let r(f) = 34*f - 860. Let p be r(28). What is the greatest common factor of p and 316?
4
Let a = -11119 - -16017. What is the highest common divisor of 790 and a?
158
Let f be -1 - (-1 - 1)*6. Let h = 5 - f. Let i be (-1)/((-2)/h*(-21)/196). What is the highest common divisor of i and 56?
28
Let z(l) = -12*l + 12*l + l**3 - 32*l - 15*l**2 + 4 - 29. Let v be z(17). Calculate the highest common divisor of 1 and v.
1
Let i = -103 - -108. Suppose 3*v = -4*x - i, 11*x - 20 = 15*x. Suppose 3*j - 25 = -2*a, v*a - 4*j - 34 = -2*j. What is the greatest common factor of 72 and a?
8
Let f = -20951 - -21853. What is the highest common divisor of f and 319?
11
Let g be (41080/1300)/(1 + 13/(-15)). Calculate the greatest common factor of 158 and g.
79
Let s = 143401 + -61361. What is the greatest common factor of s and 280?
280
Let f be (-30)/(-60)*(-2 - (0 + -2)). Suppose -h = -1 + 3. Let w be (-2)/(f - h)*-13. Calculate the greatest common divisor of 91 and w.
13
Let d = 563 + -361. Let c = d - 164. Calculate the highest common divisor of 133 and c.
19
Suppose -3*k + 183 = 2*i, -i = -3*k + 2*i + 183. Suppose -50*a = -k*a + 1628. Calculate the greatest common factor of a and 74.
74
Let h(r) = -8*r**2 - 58*r - 4. Let p be h(-7). Suppose 0 = -2*y + 3*a, -5*y - 5*a + 1 = -49. Let s = 11 - y. Calculate the highest common factor of s and p.
5
Let d = 5 - 2. Suppose 4*b - d*q + 25 = 6*b, 0 = 3*b + 3*q - 33. Let l(x) = 2*x + 2. Let w be l(b). Calculate the greatest common factor of w and 18.
18
Suppose -180*n = 55*n - 29610. Calculate the highest common factor of n and 273.
21
Suppose 0 = -d - 1, 77 + 889 = 3*m + 3*d. Calculate the greatest common factor of m and 68.
17
Suppose 0*r = -3*r + 57. Suppose o = 10*o + 27. Let b(d) = -66*d - 46. Let l be b(o). What is the highest common factor of l and r?
19
Suppose 0 = 12*v - 17*v + 250. Suppose -2*d + 0*d + 4*x + v = 0, -3*d + 2*x = -79. Calculate the highest common divisor of d and 6.
3
Let f be (-18)/12*104/(-39). Suppose z = -2*d + f*z + 103, z + 3 = 0. What is the highest common factor of 47 and d?
47
Suppose 0 = 5*j + 20, -125 = -3*c - j - 12. Let h be (-2)/(-4)*(51 - c). What is the greatest common factor of h and 102?
6
Suppose -6*q + 271 = -701. Calculate the highest common divisor of 684 and q.
18
Let i(p) = 8*p + 233. Let q be i(-30). Let n(k) = -2*k**3 + 4*k**2 + 25*k + 14. Let m be n(q). What is the greatest common divisor of m and 103?
103
Let p be 30/9*(-3 - (-3)/(-2)). Let n = 15 + p. Let s be (1 - n)/((2 + -3)/(-10)). Calculate the greatest common factor of 5 and s.
5
Let j = -129 + 376. Let w = j - 225. Calculate the greatest common divisor of 704 and w.
22
Let u be (1 - (-1506)/14) + (-267)/(-623). Let m = u + -105. Let q(i) = 8*i - 18. Let x be q(m). Calculate the greatest common divisor of 112 and x.
14
Let u(t) = 4*t**2 + 314 - 5*t - 5*t - 350. Let k be u(-8). Calculate the greatest common divisor of 12 and k.
12
Let b = -133 - -118. Let w be -24*(-3 - 1 - b/10). Calculate the greatest common factor of w and 48.
12
Let d(b) = -846*b + 850*b + 122 - 32. Let o be d(-18). What is the highest common divisor of o and 126?
18
Let c(t) = 3*t**2 + 59*t + 180. Let s be c(-16). Calculate the greatest common factor of s and 280.
4
Suppose 5*p = 3*l - 29, 4*l - 6 = -2*p + 50. What is the greatest common divisor of 611 and l?
13
Let q(o) = 7*o**2 - 4*o - 3. Let c be q(-2). Let h(d) = -d**3 + 109*d**2 + 1005*d + 15. Let u be h(-9). What is the highest common factor of u and c?
33
Let a = -64 + 34. Let w be (a/(-25))/(1/(-20)). Let j be 84/9 + 8/w. What is the highest common factor of j and 81?
9
Let x be 17790/(-135)*-9 + 8. What is the highest common divisor of x and 2?
2
Let s be 4 + -3394 - (1 + 1). Let l = s + 1772. Let c be l/(-144) + 0 + (-6)/(-8). What is the greatest common divisor of 132 and c?
12
Suppose 0 = 6449*t - 6435*t - 232624. What is the greatest common divisor of t and 248?
248
Let r be 270 + (6 - (-98)/(-7)). Let q = -255 + r. Calculate the highest common divisor of 721 and q.
7
Suppose 0